 v(-6)?
8
Let d(u) = -u**3 - 4*u**2 + 10*u - 20. What is d(-6)?
-8
Let l(o) = -3*o - 8. Give l(-2).
-2
Let y(j) = -j**2 + 10*j - 9. Determine y(6).
15
Let x(h) = -18*h - 13. Determine x(4).
-85
Let v(z) = -z**3 + 4*z**2 + 9*z - 11. What is v(7)?
-95
Let j(s) = -4*s**3 + s**2 - 3*s + 1. Give j(2).
-33
Let o(s) = 4*s**2 - 2*s + 2. Calculate o(1).
4
Let v(l) = -4*l + 17. Determine v(4).
1
Let r(j) = -2*j - 3. What is r(4)?
-11
Let y(h) = -14*h + 7. Determine y(5).
-63
Let r(k) = k**2 + 3*k - 3. Give r(-5).
7
Let j(r) = 165*r**2 - 4*r - 2. Calculate j(-1).
167
Let l(m) = 4*m + 28. What is l(-10)?
-12
Let l(n) = -23*n + 39. Determine l(-4).
131
Let x(l) = 3*l**3 + 19*l**2 + 4*l - 9. Calculate x(-6).
3
Let c(u) = u**2 - u - 3. Give c(3).
3
Let y(d) = -3*d**2 + 14*d + 9. What is y(7)?
-40
Let c(u) = -u**2 - 23*u - 24. Determine c(-22).
-2
Let t(a) = -4*a**3 - 3*a**2 - a + 3. Determine t(-1).
5
Let k(u) = -7*u**2 + 7*u + 7. Determine k(-1).
-7
Let v(p) = -2*p - 15. Give v(-5).
-5
Let p(d) = -d**3 + 5*d**2 + 9*d - 61. Calculate p(5).
-16
Let r(m) = m**3 + 11*m**2 + 3*m - 12. Determine r(-10).
58
Let l(h) = -h + 2. What is l(-7)?
9
Let y(j) = -18*j**3 - j**2. Give y(-1).
17
Let f(y) = 2*y**2 - 6*y - 14. Determine f(-4).
42
Let m(a) = -2*a**2 + 8*a + 12. Determine m(6).
-12
Let l(i) = 68*i - 1493. What is l(22)?
3
Let o(j) = -j**2 + j - 7. Determine o(3).
-13
Let p(x) = 3*x**2 - 3*x - 1. Determine p(4).
35
Let v(w) = 2*w**3 - 10*w**2 + 11*w - 6. What is v(4)?
6
Let i(w) = 3*w**2 + 9*w - 32. What is i(-9)?
130
Let z(j) = -j**2 - 7*j - 1. Give z(-5).
9
Let x(k) = k**3 + 12*k**2 + 6*k - 22. Calculate x(-11).
33
Let u(j) = -j**3 + j**2 - j + 14. Give u(0).
14
Let b(v) = v**2 - 2*v - 16. What is b(5)?
-1
Let y(i) = i**2 + 14*i - 6. Give y(-14).
-6
Let v(f) = f**3 + 2*f**2 - 5*f - 9. What is v(-3)?
-3
Let j(c) = c**3 - 11*c**2 - 66*c + 640. Give j(12).
-8
Let a(j) = j**2 - 7*j + 9. Calculate a(5).
-1
Let u(n) = -n**2 + 20*n + 20. Calculate u(21).
-1
Let n(y) = 11*y - 37. Determine n(6).
29
Let z(v) = -v - 2. Calculate z(-13).
11
Let z(i) = i**3 + 20. Calculate z(0).
20
Let t(r) = -4*r**2 + 6*r + 24. What is t(0)?
24
Let m(c) = -c - 5. What is m(3)?
-8
Let o(y) = 3*y - 39. What is o(14)?
3
Let z(d) = d**2 + 6*d - 2. Determine z(-3).
-11
Let v(u) = 21*u**2 - 3*u - 3. Give v(-1).
21
Let u(w) = 2*w**2 - 32*w + 23. Give u(15).
-7
Let x(v) = -3*v**2 + 29*v - 55. Determine x(2).
-9
Let z(q) = 2*q**2 + 5*q. What is z(-4)?
12
Let f(d) = d**2 + 20*d + 42. Calculate f(-19).
23
Let s(f) = 3*f + 2. Determine s(4).
14
Let z(j) = 6*j + 20. Give z(-5).
-10
Let t(n) = 4*n**3 - n**2 - 3*n - 2. Determine t(-1).
-4
Let p(n) = n**3 + 23*n**2 + 40*n - 36. Calculate p(-21).
6
Let r(w) = w**3 - 14*w**2 + 36*w + 79. Give r(9).
-2
Let x(z) = -z**2 - 15*z - 2. Calculate x(-15).
-2
Let d(s) = -4*s**2 + 2*s - 26. Give d(4).
-82
Let j(v) = 7*v + 47. Calculate j(-7).
-2
Let u(a) = -a**2 - 20*a - 70. Calculate u(-15).
5
Let s(w) = 6*w - 279. Give s(47).
3
Let k(i) = i**2 - 16*i - 37. Calculate k(17).
-20
Let o(b) = -b**3 + b. What is o(-2)?
6
Let z(k) = k**2 - 10*k + 1. Give z(11).
12
Let a(n) = -n**3 - 4*n**2 + 6. Calculate a(-3).
-3
Let n(w) = 2*w**2 - 2*w + 5. Give n(4).
29
Let z(p) = 4*p. Determine z(-2).
-8
Let m(o) = 3*o + 37. Give m(-10).
7
Let c(r) = -r**2 - 5*r + 32. What is c(-8)?
8
Let p(r) = -r**2 + 5*r + 9. Calculate p(8).
-15
Let p(r) = -r**2 - 12*r + 6. What is p(-13)?
-7
Let d(l) = 13*l + 2. What is d(0)?
2
Let n(k) = -k**3 - 3*k**2 + 79*k + 85. Determine n(-10).
-5
Let a(o) = -o**3 + 10*o. Give a(-3).
-3
Let m(q) = -4*q**2 - 2*q. Determine m(-3).
-30
Let l(w) = 3*w**3 - 21*w**2 - 3*w + 1. Calculate l(7).
-20
Let x(u) = -u**3 + 6*u**2 + 19*u - 29. Determine x(8).
-5
Let a(s) = 26*s - 517. Calculate a(20).
3
Let y(p) = p**3 + 5*p**2 - 7*p - 5. What is y(-6)?
1
Let c(h) = -h**2 + 4*h - 1. What is c(-3)?
-22
Let s(g) = g**3 + 14*g**2 - 18*g - 9. Calculate s(-15).
36
Let t(n) = -n**3 - 11*n**2 - 11*n - 5. Calculate t(-10).
5
Let k(a) = 2*a + 4. What is k(8)?
20
Let y(x) = x**3 - 2*x**2 - 47*x + 14. Give y(-6).
8
Let y(o) = 2*o**3 + 34*o**2 + 31*o - 18. Determine y(-16).
-2
Let m(h) = h**3 - 14*h**2 - 10*h - 25. What is m(15)?
50
Let t(n) = -11*n + 28. Give t(6).
-38
Let t(a) = a**3 - 6*a**2 + 5*a - 12. Determine t(6).
18
Let m(j) = 15*j + 7. Determine m(3).
52
Let x(j) = -2*j + 4. What is x(0)?
4
Let n(g) = -g**3 - 10*g**2 + 9*g - 15. What is n(-11)?
7
Let f(p) = p**2 - 2. Give f(3).
7
Let i(h) = -2*h**2 + 23*h + 10. Give i(11).
21
Let j(v) = v**3 + 13*v**2 + 30*v - 7. Calculate j(-10).
-7
Let r(m) = 12*m + 120. Determine r(-10).
0
Let j(k) = 3*k + 28. Determine j(-16).
-20
Let z(f) = f**3 + 11*f**2 - 2*f + 7. Give z(-11).
29
Let k(u) = 3*u + 35. Give k(-10).
5
Let w(l) = 6*l**3 - l**2 - l + 1. Calculate w(1).
5
Let l(q) = -q**3 - 8*q**2 + q + 5. Calculate l(-8).
-3
Let d(j) = -j**3 - 17*j**2 + 36*j + 20. What is d(-19)?
58
Let u(f) = -f**2 - 12*f - 13. Calculate u(-11).
-2
Let q(s) = -s**2 - 21*s - 43. Calculate q(-19).
-5
Let o(l) = 2*l**2 - 2. Give o(3).
16
Let t(n) = -4*n + 107. What is t(26)?
3
Let l(w) = w**3 - w**2 + w + 4. Calculate l(3).
25
Let u(f) = f**2 + 7*f - 30. Calculate u(-9).
-12
Let m(u) = 6*u - 9. Give m(-10).
-69
Let v(d) = -d**3 - 4*d**2 + d - 2. Determine v(-4).
-6
Let k(g) = g**3 + 8*g**2 + 6*g + 3. Determine k(-6).
39
Let z(c) = -c**3 + 3*c**2 + 8*c - 5. What is z(5)?
-15
Let h(j) = 3*j**3 - j - 2. Give h(2).
20
Let w(k) = -24*k - 191. Calculate w(-9).
25
Let t(h) = -2*h - 33. Calculate t(8).
-49
Let o(v) = -v**3 - 9*v**2 + 34*v - 26. Determine o(-12).
-2
Let b(m) = m**2 + 38*m + 215. Calculate b(-7).
-2
Let v(g) = g**2 - 11*g + 3. Calculate v(12).
15
Let d(s) = s**2 + 15*s - 51. Calculate d(-18).
3
Let z(h) = -h**3 - 2*h**2 - 2*h - 9. Calculate z(-2).
-5
Let s(y) = y**3 + 4*y**2 - 11*y - 15. Give s(-6).
-21
Let v(h) = h**3 + 8*h**2 - 12*h - 21. Determine v(-9).
6
Let b(q) = -q**3 - 10*q**2 - 7*q - 5. Give b(-9).
-23
Let u(j) = -j - 9. Determine u(-16).
7
Let n(j) = 42*j + 42. Determine n(-1).
0
Let j(k) = 4*k - 6. What is j(0)?
-6
Let z(b) = -20*b + 10. What is z(1)?
-10
Let f(z) = -z**3 + 4*z - 5. Calculate f(3).
-20
Let p(l) = 9*l**2 - 1. Determine p(1).
8
Let q(n) = -3*n**2 + 13*n - 15. Determine q(6).
-45
Let l(y) = -19*y**2 - 4*y + 6. Determine l(1).
-17
Let i(s) = -2*s**2 + 33. Determine i(5).
-17
Let t(w) = -w**3 - 3*w**2 + 12*w + 13. Calculate t(-4).
-19
Let o(x) = x**2 - 25*x + 29. Calculate o(24).
5
Let i(y) = -24*y + 5. What is i(-1)?
29
Let p(w) = w**3 - 6*w**2 + 8*w + 2. Calculate p(5).
17
Let v(s) = -s**3 - 21*s**2 - 19*s + 15. What is v(-20)?
-5
Let k(x) = -7*x**2 + x + 1. Calculate k(2).
-25
Let u(s) = 70*s + 486. Calculate u(-7).
-4
Let v(a) = 3*a**3 + 5*a**2 - 2*a + 1. What is v(-4)?
-103
Let c(i) = i**2 - 7*i + 6. Give c(6).
0
Let i(t) = -t**3 - 5*t + 5. Calculate i(3).
-37
Let y(p) = -10*p + 101. Determine y(10).
1
Let d(u) = 6*u - 118. Calculate d(15).
-28
Let b(z) = -3*z - 23. Calculate b(-8).
1
Let l(g) = -6*g + 99. Determine l(14).
15
Let v(u) = -3*u**3 + 4*u**2 - 24*u + 42. What is v(2)?
-14
Let o(z) = z**3 - 7*z**2 + 6*z - 2. What is o(6)?
-2
Let i(p) = -3*p - 18. What is i(-11)?
15
Let v(n) = 5*n**2 + 9*n + 7. Calculate v(-3).
25
Let o(s) = -s**3 - 4*s**2 - 6*s. What is o(-4)?
24
Let s(u) = -2*u**3 - 13*u**2 + 10*u + 1. Determine s(-7).
-20
Let z(o) = -o**3 + o + 1. What is z(2)?
-5
Let s(g) = 2*g**2 - 8*g + 15. Give s(6).
39
Let b(h) = -h**3 - 40*h**2 - 40*h - 45. Calculate b(-39).
-6
Let p(s) = s**3 - 7*s**2 - 6*s - 11. What is p(8)?
5
Let v(i) = i**2 + 7*i - 5. Determine v(-5).
-15
Let g(u) = u**3 - 3*u**2 - 11*u + 8. Determine g(4).
-20
Let c(s) = -s**2 + 41*s - 179. Determine c(36).
1
Let i(p) = 7*p**2 + 26*p. Determine i(-3).
-15
Let b(j) = j**3 + 15*j**2 - 16*j - 10. Give b(-16).
-10
Let j(v) = v**3 - 5*v**2 - 5*v + 3. What is j(6)?
9
Let p(x) = 39*x + 42. Calculate p(-2).
-36
Let u(c) = 7*c - 115. What is u(16)?
-3
Let q(w) = -w**3 + 11*w**2 - 13*w + 25. Calculate q(10).
-5
Let u(m) = -m**2 + 7*m - 7. Give u(6).
-1
Let b(r) = -2*r**2 - 9*r + 4. What is b(-5)?
-1
Let h(i) = -2*i + 26. Determine h(-17).
60
Let j(n) = -n**2 + 10*n - 9. Calculate j(6).
15
Let m(c) = -17*c - 4. Determine m(3).
-55
Let g(l) = 53*l + 792.